ds digit of 1859385?
5
What is the tens digit of 11523442?
4
What is the tens digit of 698122?
2
What is the units digit of 711541?
1
What is the thousands digit of 2200111?
0
What is the millions digit of 10612893?
0
What is the units digit of 3081868?
8
What is the tens digit of 38739?
3
What is the hundreds digit of 54063?
0
What is the thousands digit of 1025622?
5
What is the hundreds digit of 498695?
6
What is the ten thousands digit of 310949?
1
What is the hundreds digit of 6697467?
4
What is the units digit of 20567539?
9
What is the hundred thousands digit of 748779?
7
What is the thousands digit of 41325968?
5
What is the hundred thousands digit of 368041?
3
What is the hundreds digit of 1721915?
9
What is the ten thousands digit of 194678?
9
What is the hundred thousands digit of 355696?
3
What is the ten thousands digit of 3050905?
5
What is the hundreds digit of 521009?
0
What is the units digit of 854138?
8
What is the thousands digit of 351526?
1
What is the units digit of 35274?
4
What is the millions digit of 29507927?
9
What is the ten thousands digit of 115033?
1
What is the hundreds digit of 7125?
1
What is the tens digit of 1438805?
0
What is the ten thousands digit of 1316616?
1
What is the hundreds digit of 21257454?
4
What is the thousands digit of 62217?
2
What is the hundred thousands digit of 1234322?
2
What is the millions digit of 1827280?
1
What is the ten thousands digit of 42681?
4
What is the thousands digit of 5525077?
5
What is the thousands digit of 1133204?
3
What is the ten thousands digit of 15852619?
5
What is the units digit of 2427576?
6
What is the ten thousands digit of 11823019?
2
What is the hundred thousands digit of 497953?
4
What is the hundred thousands digit of 1977575?
9
What is the units digit of 7074716?
6
What is the thousands digit of 241195?
1
What is the ten thousands digit of 123705?
2
What is the hundreds digit of 1280835?
8
What is the units digit of 464792?
2
What is the hundred thousands digit of 331708?
3
What is the hundreds digit of 319092?
0
What is the ten thousands digit of 2157743?
5
What is the tens digit of 265241?
4
What is the ten thousands digit of 220108?
2
What is the units digit of 196082?
2
What is the units digit of 3405288?
8
What is the units digit of 199643?
3
What is the ten millions digit of 19880256?
1
What is the ten thousands digit of 5392123?
9
What is the hundreds digit of 8289124?
1
What is the units digit of 6150290?
0
What is the ten thousands digit of 16108863?
0
What is the units digit of 35866?
6
What is the units digit of 851741?
1
What is the thousands digit of 6005013?
5
What is the units digit of 930638?
8
What is the thousands digit of 5651377?
1
What is the units digit of 766487?
7
What is the ten thousands digit of 193553?
9
What is the tens digit of 442033?
3
What is the units digit of 380290?
0
What is the ten thousands digit of 1759200?
5
What is the hundred thousands digit of 8553248?
5
What is the ten thousands digit of 357236?
5
What is the ten thousands digit of 158028?
5
What is the units digit of 810901?
1
What is the hundred thousands digit of 7303416?
3
What is the thousands digit of 5424852?
4
What is the millions digit of 1718589?
1
What is the units digit of 1204695?
5
What is the thousands digit of 523136?
3
What is the tens digit of 3933054?
5
What is the tens digit of 2196697?
9
What is the tens digit of 7954760?
6
What is the ten thousands digit of 957315?
5
What is the hundreds digit of 121826?
8
What is the hundreds digit of 3230101?
1
What is the thousands digit of 5516170?
6
What is the units digit of 3221546?
6
What is the tens digit of 435232?
3
What is the tens digit of 1324886?
8
What is the hundred thousands digit of 404653?
4
What is the ten thousands digit of 7932572?
3
What is the hundred thousands digit of 216228?
2
What is the units digit of 1133918?
8
What is the hundreds digit of 21247923?
9
What is the tens digit of 79159?
5
What is the hundreds digit of 2792935?
9
What is the hundred thousands digit of 1490835?
4
What is the units digit of 18011330?
0
What is the hundreds digit of 103973?
9
What is the tens digit of 840208?
0
What is the units digit of 2724708?
8
What is the tens digit of 29646?
4
What is the thousands digit of 276517?
6
What is the hundred thousands digit of 11471827?
4
What is the ten thousands digit of 924073?
2
What is the ten thousands digit of 1262194?
6
What is the tens digit of 11960017?
1
What is the hundreds digit of 402580?
5
What is the thousands digit of 551855?
1
What is the tens digit of 151462?
6
What is the tens digit of 269519?
1
What is the hundred thousands digit of 1704094?
7
What is the units digit of 25563?
3
What is the ten thousands digit of 579181?
7
What is the tens digit of 2148532?
3
What is the hundreds digit of 812533?
5
What is the hundred thousands digit of 798086?
7
What is the units digit of 6077660?
0
What is the tens digit of 817721?
2
What is the units digit of 10044185?
5
What is the thousands digit of 682848?
2
What is the hundreds digit of 2610080?
0
What is the hundred thousands digit of 1898274?
8
What is the millions digit of 2878178?
2
What is the ten thousands digit of 263118?
6
What is the ten thousands digit of 165311?
6
What is the tens digit of 3573789?
8
What is the thousands digit of 6521437?
1
What is the ten thousands digit of 7005922?
0
What is the millions digit of 11036209?
1
What is the ten thousands digit of 4117220?
1
What is the hundred thousands digit of 982542?
9
What is the thousands digit of 10163301?
3
What is the hundreds digit of 1085152?
1
What is the units digit of 656364?
4
What is the hundreds digit of 304166?
1
What is the thousands digit of 226476?
6
What is the ten millions digit of 19746748?
1
What is the ten thousands digit of 6045137?
4
What is the millions digit of 12320454?
2
What is the thousands digit of 545586?
5
What is the hundred thousands digit of 35957066?
9
What is the hundreds digit of 927294?
2
What is the hundred thousands digit of 272216?
2
What is the tens digit of 20796806?
0
What is the tens digit of 1178044?
4
What is the hundreds digit of 4894175?
1
What is the thousands digit of 445485?
5
What is the hundreds digit of 71213?
2
What is the tens digit of 270100?
0
What is the thousands digit of 5916823?
6
What is the thousands digit of 8937457?
7
What is the hundreds digit of 4651102?
1
What is the hundreds digit of 571453?
4
What is the units digit of 228511?
1
What is the thousands digit of 4798635?
8
What is the thousands digit of 497832?
7
What is the hundred thousands digit of 644785?
6
What is the ten thousands digit of 1470098?
7
What is the hundred thousands digit of 631155?
6
What is the tens digit of 198186?
8
What is the thousands digit of 5919978?
9
What is the hundreds digit of 2047644?
6
What is the thousands digit of 1006613?
6
What is the thousands digit of 219399?
9
What is the thousands digit of 3659071?
9
What is the units digit of 105506?
6
What is the millions digit of 17833174?
7
What is the hundreds digit of 64232?
2
What is the tens digit of 565708?
0
What is the units digit of 4781345?
5
What is the thousands digit of 82486?
2
What is the hundred thousands digit of 4482352?
4
What is the tens digit of 622133?
3
What is the ten thousands digit of 139551?
3
What is the units digit of 11997002?
2
What is the units digit of 2096290?
0
What is the ten thousands digit of 1154369?
5
What is the tens digit of 93155?
5
What is the ten thousands digit of 970805?
7
What is the hundreds digit of 1609734?
7
What is the tens digit of 154506?
0
What is the hundreds digit of 1785218?
2
What is the tens digit of 213457?
5
What is the hundreds digit of 1622546?
5
What is the hundreds digit of 11220730?
7
What is the hundreds digit of 318440?
4
What is the ten thousands digit of 171871?
7
What is the hundreds digit of 276340?
3
What is the hundreds digit of 234744?
7
What is the hundred thousands digit of 11451158?
4
What is the hundreds digit of 273564?
5
What is the units digit of 16515267?
7
What is the hundreds digit of 17697733?
7
What is the ten thousands digit of 72648?
7
What is the hundreds digit of 1260014?
0
What is the tens digit of 954775?
7
What is the hundreds digit of